77?
1
What is the hundreds digit of 1962669?
6
What is the hundred thousands digit of 141997?
1
What is the thousands digit of 5939721?
9
What is the hundreds digit of 889941?
9
What is the units digit of 163776?
6
What is the millions digit of 1859595?
1
What is the thousands digit of 376243?
6
What is the hundreds digit of 2103592?
5
What is the hundred thousands digit of 174335?
1
What is the thousands digit of 2745789?
5
What is the units digit of 9850?
0
What is the thousands digit of 1149654?
9
What is the thousands digit of 1189902?
9
What is the thousands digit of 209686?
9
What is the tens digit of 785434?
3
What is the units digit of 122956?
6
What is the hundreds digit of 686413?
4
What is the hundred thousands digit of 1765517?
7
What is the hundred thousands digit of 4903152?
9
What is the hundreds digit of 658984?
9
What is the millions digit of 21290828?
1
What is the thousands digit of 2322146?
2
What is the hundreds digit of 7070157?
1
What is the ten thousands digit of 752996?
5
What is the tens digit of 2822232?
3
What is the hundreds digit of 7412555?
5
What is the thousands digit of 487259?
7
What is the ten thousands digit of 17831735?
3
What is the hundreds digit of 1169796?
7
What is the tens digit of 59935?
3
What is the hundreds digit of 2802210?
2
What is the hundreds digit of 7196018?
0
What is the ten thousands digit of 13264439?
6
What is the ten thousands digit of 970109?
7
What is the units digit of 12482216?
6
What is the thousands digit of 5378337?
8
What is the ten thousands digit of 461306?
6
What is the units digit of 764179?
9
What is the hundreds digit of 946723?
7
What is the hundred thousands digit of 260771?
2
What is the hundreds digit of 55855?
8
What is the ten thousands digit of 2144697?
4
What is the hundreds digit of 85843?
8
What is the hundred thousands digit of 1768794?
7
What is the millions digit of 2431470?
2
What is the ten thousands digit of 65255?
6
What is the tens digit of 8141133?
3
What is the hundred thousands digit of 564380?
5
What is the millions digit of 7167027?
7
What is the hundreds digit of 499012?
0
What is the units digit of 1764044?
4
What is the units digit of 491908?
8
What is the ten thousands digit of 200566?
0
What is the ten thousands digit of 2927855?
2
What is the units digit of 4162335?
5
What is the hundreds digit of 9059201?
2
What is the thousands digit of 13936325?
6
What is the units digit of 1826882?
2
What is the hundred thousands digit of 2789082?
7
What is the hundreds digit of 4294584?
5
What is the hundreds digit of 720574?
5
What is the hundred thousands digit of 5138415?
1
What is the thousands digit of 72947?
2
What is the units digit of 346850?
0
What is the thousands digit of 5589711?
9
What is the ten thousands digit of 4617889?
1
What is the ten thousands digit of 3466335?
6
What is the thousands digit of 162437?
2
What is the hundreds digit of 3303788?
7
What is the ten thousands digit of 25979333?
7
What is the millions digit of 2928590?
2
What is the millions digit of 3555662?
3
What is the thousands digit of 133984?
3
What is the hundred thousands digit of 8636504?
6
What is the tens digit of 71073?
7
What is the units digit of 9277645?
5
What is the units digit of 509981?
1
What is the hundred thousands digit of 3152037?
1
What is the ten thousands digit of 10667010?
6
What is the units digit of 19622458?
8
What is the hundreds digit of 145043?
0
What is the units digit of 10265492?
2
What is the units digit of 29671?
1
What is the hundreds digit of 108054?
0
What is the hundreds digit of 1168060?
0
What is the units digit of 425577?
7
What is the thousands digit of 2190106?
0
What is the hundred thousands digit of 221852?
2
What is the millions digit of 1256097?
1
What is the units digit of 9587757?
7
What is the hundred thousands digit of 8823236?
8
What is the hundreds digit of 4427058?
0
What is the tens digit of 287840?
4
What is the hundred thousands digit of 5959931?
9
What is the units digit of 1025279?
9
What is the thousands digit of 32318010?
8
What is the hundred thousands digit of 1627358?
6
What is the ten thousands digit of 5920423?
2
What is the hundred thousands digit of 160517?
1
What is the units digit of 85377?
7
What is the units digit of 535472?
2
What is the hundred thousands digit of 1311957?
3
What is the units digit of 420302?
2
What is the thousands digit of 1357882?
7
What is the ten thousands digit of 175131?
7
What is the ten thousands digit of 2717521?
1
What is the tens digit of 1361237?
3
What is the millions digit of 1931859?
1
What is the hundred thousands digit of 3478541?
4
What is the hundreds digit of 100260?
2
What is the hundred thousands digit of 1399402?
3
What is the thousands digit of 157132?
7
What is the hundreds digit of 77628?
6
What is the millions digit of 4710311?
4
What is the ten thousands digit of 2429494?
2
What is the units digit of 1262261?
1
What is the hundreds digit of 836390?
3
What is the thousands digit of 237352?
7
What is the hundreds digit of 401193?
1
What is the hundreds digit of 154888?
8
What is the thousands digit of 104806?
4
What is the units digit of 4546271?
1
What is the hundred thousands digit of 18991585?
9
What is the hundred thousands digit of 725876?
7
What is the thousands digit of 27598?
7
What is the ten thousands digit of 725377?
2
What is the hundreds digit of 37174572?
5
What is the hundred thousands digit of 11173933?
1
What is the tens digit of 4788?
8
What is the hundred thousands digit of 455792?
4
What is the tens digit of 606993?
9
What is the ten thousands digit of 93502?
9
What is the ten thousands digit of 160880?
6
What is the millions digit of 2734901?
2
What is the ten thousands digit of 40477?
4
What is the hundred thousands digit of 1819672?
8
What is the tens digit of 1069488?
8
What is the hundreds digit of 662433?
4
What is the ten thousands digit of 93627?
9
What is the units digit of 9765747?
7
What is the ten thousands digit of 30742316?
4
What is the hundred thousands digit of 557026?
5
What is the tens digit of 106636?
3
What is the ten thousands digit of 230174?
3
What is the units digit of 2390197?
7
What is the units digit of 351861?
1
What is the tens digit of 19594861?
6
What is the thousands digit of 2670759?
0
What is the tens digit of 759840?
4
What is the ten thousands digit of 1695866?
9
What is the ten thousands digit of 2567954?
6
What is the hundred thousands digit of 10486022?
4
What is the ten thousands digit of 28054290?
5
What is the ten thousands digit of 1461994?
6
What is the ten millions digit of 10270837?
1
What is the thousands digit of 1585042?
5
What is the hundreds digit of 257019?
0
What is the tens digit of 1720982?
8
What is the tens digit of 362275?
7
What is the hundred thousands digit of 942798?
9
What is the hundred thousands digit of 15527490?
5
What is the units digit of 238341?
1
What is the units digit of 697107?
7
What is the hundred thousands digit of 964328?
9
What is the hundreds digit of 387150?
1
What is the millions digit of 3233763?
3
What is the units digit of 12094739?
9
What is the ten thousands digit of 2624277?
2
What is the tens digit of 245662?
6
What is the hundred thousands digit of 4888993?
8
What is the tens digit of 2776?
7
What is the hundreds digit of 1251617?
6
What is the ten thousands digit of 482360?
8
What is the units digit of 1628139?
9
What is the ten thousands digit of 2698319?
9
What is the hundred thousands digit of 333429?
3
What is the tens digit of 19461614?
1
What is the thousands digit of 267332?
7
What is the tens digit of 483733?
3
What is the thousands digit of 355679?
5
What is the tens digit of 2063438?
3
What is the tens digit of 214342?
4
What is the millions digit of 15954903?
5
What is the thousands digit of 113239?
3
What is the ten thousands digit of 285438?
8
What is the hundreds digit of 609036?
0
What is the tens digit of 11789610?
1
What is the units digit of 907994?
4
What is the thousands digit of 734911?
4
What is the hundreds digit of 763835?
8
What is the tens digit of 11825023?
2
What is the units digit of 640144?
4
What is the tens digit of 1472503?
0
What is the hundred thousands digit of 22755398?
7
What is the ten thousands digit